 to base 5.
-1424
Convert -1111001001 (base 2) to base 3.
-1022220
What is -63916 (base 10) in base 11?
-44026
2633 (base 8) to base 11
1095
What is -51784 (base 9) in base 8?
-102601
45 (base 7) to base 14
25
What is 1170 (base 11) in base 9?
2078
What is -1528 (base 15) in base 12?
-2762
What is -4451 (base 11) in base 8?
-13350
Convert 1439c (base 13) to base 16.
9461
Convert -2a67 (base 12) to base 2.
-1001101101111
1120310 (base 4) to base 9
7715
Convert 225 (base 11) to base 2.
100001101
-1a4 (base 14) to base 4
-11110
-3087 (base 11) to base 15
-1328
101122200 (base 3) to base 4
1321113
What is -2073 (base 9) in base 16?
-5f4
45851 (base 9) to base 6
353331
Convert -300041 (base 7) to base 10.
-50450
-64 (base 13) to base 7
-145
-3220 (base 8) to base 9
-2266
-456 (base 16) to base 3
-1112010
Convert e055 (base 16) to base 10.
57429
Convert 5076 (base 14) to base 16.
3600
Convert -6603 (base 8) to base 14.
-1391
-110100100000001 (base 2) to base 9
-40777
Convert 4208 (base 13) to base 10.
9134
What is -110a (base 11) in base 14?
-766
What is 3375 (base 11) in base 3?
20002101
3586 (base 9) to base 13
12a5
Convert -100001011000 (base 2) to base 8.
-4130
What is -1011000011110110 (base 2) in base 14?
-1271c
What is -2c9 (base 14) in base 2?
-1000111001
What is -798 (base 15) in base 13?
-a22
What is -2e (base 15) in base 16?
-2c
What is 245215 (base 6) in base 16?
558b
What is -a68 (base 11) in base 3?
-1202120
What is 1000110 (base 2) in base 5?
240
210210 (base 6) to base 13
7920
What is 34 (base 14) in base 10?
46
Convert 180 (base 10) to base 7.
345
What is -8823 (base 10) in base 4?
-2021313
Convert -783 (base 12) to base 6.
-5043
Convert 20515 (base 7) to base 9.
6841
-101010 (base 2) to base 12
-36
-199 (base 13) to base 14
-171
-11133212 (base 4) to base 6
-252102
Convert 145 (base 9) to base 12.
a2
-324 (base 5) to base 7
-155
What is 12c (base 14) in base 16?
ec
What is -1000101111 (base 2) in base 16?
-22f
Convert 1012 (base 3) to base 8.
40
What is -1111002222 (base 3) in base 9?
-44088
25 (base 15) to base 9
38
What is 1781 (base 9) in base 10?
1369
What is -50425 (base 6) in base 11?
-4a98
5166 (base 11) to base 7
25652
Convert -988 (base 15) to base 6.
-13545
-511210 (base 6) to base 9
-61456
What is b30 (base 13) in base 15?
868
1111111100110000 (base 2) to base 16
ff30
Convert 1020100 (base 3) to base 8.
1604
100000111010 (base 2) to base 7
6066
What is -123114 (base 5) in base 11?
-365a
What is 215 (base 15) in base 8?
726
Convert 12113111 (base 4) to base 6.
320405
What is 10002022 (base 4) in base 15?
4d67
Convert 10022 (base 5) to base 14.
337
Convert 111 (base 14) to base 4.
3103
Convert -101120 (base 4) to base 16.
-458
-5202 (base 7) to base 4
-130113
Convert 2449 (base 13) to base 10.
5131
Convert -5034 (base 6) to base 15.
-4d7
What is 202023 (base 4) in base 12?
1323
What is 1342020 (base 5) in base 11?
19947
320332 (base 4) to base 15
1131
Convert -2721 (base 9) to base 8.
-3774
What is -463 (base 12) in base 7?
-1620
What is 161 (base 9) in base 13?
a6
Convert 788 (base 16) to base 5.
30203
What is 4e3 (base 15) in base 4?
101121
Convert -1dd4 (base 15) to base 11.
-4979
26cb (base 14) to base 15
2063
Convert -2333331 (base 5) to base 7.
-236160
What is -1fd3 (base 16) in base 10?
-8147
2280 (base 11) to base 14
113a
Convert 2850 (base 16) to base 10.
10320
What is 30629 (base 10) in base 3?
1120000102
What is -6080 (base 9) in base 12?
-26a6
a190 (base 16) to base 3
2002201212
Convert 3404 (base 6) to base 5.
11141
4670 (base 8) to base 11
1962
Convert 7a5b (base 14) to base 11.
14a68
What is -1a30 (base 14) in base 2?
-1001010001010
110111000011111 (base 2) to base 7
145122
What is -3122 (base 6) in base 16?
-2ba
Convert -c723 (base 13) to base 11.
-1979a
Convert -1146 (base 7) to base 16.
-1aa
Convert 581b (base 13) to base 3.
121221211
Convert 106 (base 15) to base 3.
22120
-22102120 (base 3) to base 6
-44240
What is 120022 (base 5) in base 12?
2657
-15755 (base 10) to base 5
-1001010
What is 1871 (base 14) in base 2?
1000100111011
4d1 (base 15) to base 14
584
Convert -1110233 (base 4) to base 8.
-12457
What is 50014 (base 9) in base 4?
20000302
-25112 (base 7) to base 10
-6575
-8a2d (base 16) to base 9
-53463
What is -404 (base 8) in base 6?
-1112
Convert 4517 (base 8) to base 4.
211033
What is -a356 (base 11) in base 6?
-143330
-1222 (base 7) to base 15
-207
What is -111000101 (base 2) in base 9?
-553
Convert 301121 (base 4) to base 5.
100121
What is 1945 (base 16) in base 15?
1db4
Convert 41091 (base 11) to base 13.
21400
Convert 131010 (base 4) to base 3.
2112220
20 (base 3) to base 16
6
-33006 (base 7) to base 6
-102050
What is -3a1 (base 16) in base 5?
-12204
Convert -1463 (base 11) to base 4.
-131130
What is -26e9 (base 15) in base 8?
-20177
90 (base 11) to base 12
83
Convert 203220 (base 4) to base 7.
6435
What is -7584 (base 11) in base 2?
-10011100011110
What is -4630 (base 11) in base 4?
-1133003
-3beb (base 16) to base 15
-4829
Convert 40132 (base 7) to base 10.
9676
Convert -4b1 (base 13) to base 11.
-686
What is 3894 (base 12) in base 9?
8754
What is -11d0 (base 15) in base 8?
-7323
Convert -1000001101011 (base 2) to base 12.
-2523
What is -12530 (base 6) in base 5?
-30201
What is 5b3 (base 14) in base 4?
101301
What is 11314 (base 7) in base 8?
5526
Convert -1010100 (base 2) to base 16.
-54
45d (base 16) to base 12
791
What is 100455 (base 6) in base 5?
223310
What is 2ab3 (base 15) in base 8?
21720
Convert 223 (base 13) to base 2.
101101111
Convert -45b (base 13) to base 15.
-352
Convert -20131112 (base 4) to base 16.
-8756
Convert -27013 (base 8) to base 3.
-121011120
Convert -131022 (base 4) to base 9.
-2503
What is -12200 (base 10) in base 15?
-3935
What is 228 (base 14) in base 11?
35a
What is 41 (base 9) in base 16?
25
What is -677 (base 10) in base 12?
-485
102a7 (base 14) to base 13
14967
Convert -6f (base 16) to base 5.
-421
-3060 (base 10) to base 11
-2332
Convert 1011101 (base 2) to base 15.
63
Convert -4236 (base 9) to base 10.
-3111
What is -154 (base 8) in base 9?
-130
-34635 (base 7) to base 13
-4083
What is 2042 (base 7) in base 4?
23030
Convert -265 (base 9) to base 14.
-11b
What is -26a6 (base 15) in base 9?
-12283
10440 (base 5) to base 11
618
What is -1889 (base 16) in base 12?
-3775
Convert 89b2 (base 15) to base 3.
1111001012
Convert 319 (base 11) to base 3.
112012
-51a (base 12) to base 11
-615
What is -2311303 (base 4) in base 13?
-53b0
-3123 (base 5) to base 6
-1525
What is 1319 (base 16) in base 8?
11431
What is -122111110 (base 3) in base 8?
-30724
What is 457 (base 9) in base 14?
1cc
What is -110023 (base 6) in base 10?
-9087
What is 15344 (base 6) in base 10?
2512
What is 2193 (base 10) in base 15?
9b3
Convert 122f (base 16) to base 6.
33315
Convert -5693 (base 15) to base 10.
-18363
Convert -1110110111111 (base 2) to base 3.
-101110001
Convert -667 (base 8) to base 15.
-1e4
Convert 20b (base 16) to base 13.
313
Convert -35b (base 14) to base 4.
-22131
Convert -1431 (base 8) to base 16.
-319
What is 1000110110110 (base 2) in base 5?
121114
Convert 53 (base 15) to base 10.
78
What is 369 (base 16) in base 10?
873
-21010122 (base 3) to base 5
-131301
What is 2208 (base 10) in base 14?
b3a
-333353 (base 6) to base 16
-6d65
Convert 44143 (base 7) to base 15.
3421
20852 (base 10) to base 5
1131402
3538 (base 10) to base 5
103123
What is -330 (base 12) in base 13?
-2a0
Convert -13302 (base 6) to base 9.
-2732
431230 (base 5) to base 7
60315
-614 (base 8) to base 12
-290
2120121221 (base 3) to base 2
1100011001000110
978 (base 10) to base 14
4dc
What is 11541 (base 8) in base 11?
3800
Convert 15031 (base 7) to base 3.
12200021
Convert -333 (base 14) to base 5.
-10013
What is e4e (base 15) in base 10?
3224
Convert -42968 (base 11) to base 5.
-3444024
-6d (base 16) to base 14
-7b
What is -132312 (base 4) in base 3?
-2201010
What is -6149 (base 11) in base 16?
-1fe0
What is 21687 (base 11) in base 3?
1121010020
Convert 9633 (base 11) to base 13.
5a51
What is -13599 (base 13) in base 11?
-2515a
7267 (base 9) to base 11
4002
Convert -25103 (base 11) to base 13.
-1354c
What is 1324 (base 5) in base 12?
15a
-450 (base 7) to base 10
-231
-2621 (base 13) to base 15
-1925
3b